{"id":10,"date":"2019-12-05T13:47:16","date_gmt":"2019-12-05T16:47:16","guid":{"rendered":"https:\/\/carmelhoteis.com.br\/carmel?page_id=10"},"modified":"2025-03-22T07:07:59","modified_gmt":"2025-03-22T10:07:59","slug":"quem-somos","status":"publish","type":"page","link":"https:\/\/carmelhoteis.com.br\/carmeltaiba\/quem-somos\/","title":{"rendered":"Nossa Hist\u00f3ria"},"content":{"rendered":"<p>A constru\u00e7\u00e3o de um resort de luxo no Cear\u00e1 sempre foi um sonho da Fam\u00edlia Carneiro de Melo, at\u00e9 que em 2011 ele virou realidade na antiga casa de praia da fam\u00edlia. Priorizando luxo e cearensidade, mas sem perder a ess\u00eancia, conservando as boas lembran\u00e7as de momentos vividos ali pela fam\u00edlia.<\/p>\n<p>A escolha do nome Carmel surgiu atrav\u00e9s da jun\u00e7\u00e3o dos nomes &#8216;Carneiro de Melo&#8217;: CAR (carneiro) MEL (melo). Uma marca de nome memor\u00e1vel, que \u00e9 refer\u00eancia no setor de hotelaria.<\/p>\n<p>Resort \u00e0 beira-mar, paisagens deslumbrantes e riqueza de detalhes arquitet\u00f4nicos, unindo o luxo e o regionalismo cearense, traduzem a Rede Carmel Hot\u00e9is e toda a sua ess\u00eancia.<\/p>\n","protected":false},"excerpt":{"rendered":"<p>A constru\u00e7\u00e3o de um resort de luxo no Cear\u00e1 sempre foi um sonho da Fam\u00edlia Carneiro de Melo, at\u00e9 que em 2011 ele virou realidade na antiga casa de praia da fam\u00edlia. Priorizando luxo e cearensidade, mas sem perder a ess\u00eancia, conservando as boas lembran\u00e7as de momentos vividos ali pela fam\u00edlia. A escolha do nome [&hellip;]<\/p>\n","protected":false},"author":1,"featured_media":0,"parent":0,"menu_order":0,"comment_status":"closed","ping_status":"closed","template":"","meta":{"_acf_changed":false,"footnotes":""},"class_list":["post-10","page","type-page","status-publish","hentry"],"acf":[],"yoast_head":"<!-- This site is optimized with the Yoast SEO plugin v26.9 - https:\/\/yoast.com\/product\/yoast-seo-wordpress\/ -->\n<title>Nossa Hist\u00f3ria - Carmel Ta\u00edba<\/title>\n<meta name=\"robots\" content=\"index, follow, max-snippet:-1, max-image-preview:large, max-video-preview:-1\" \/>\n<link rel=\"canonical\" href=\"https:\/\/carmelhoteis.com.br\/carmeltaiba\/quem-somos\/\" \/>\n<meta property=\"og:locale\" content=\"pt_BR\" \/>\n<meta property=\"og:type\" content=\"article\" \/>\n<meta property=\"og:title\" content=\"Nossa Hist\u00f3ria - Carmel Ta\u00edba\" \/>\n<meta property=\"og:description\" content=\"A constru\u00e7\u00e3o de um resort de luxo no Cear\u00e1 sempre foi um sonho da Fam\u00edlia Carneiro de Melo, at\u00e9 que em 2011 ele virou realidade na antiga casa de praia da fam\u00edlia. Priorizando luxo e cearensidade, mas sem perder a ess\u00eancia, conservando as boas lembran\u00e7as de momentos vividos ali pela fam\u00edlia. A escolha do nome [&hellip;]\" \/>\n<meta property=\"og:url\" content=\"https:\/\/carmelhoteis.com.br\/carmeltaiba\/quem-somos\/\" \/>\n<meta property=\"og:site_name\" content=\"Carmel Ta\u00edba\" \/>\n<meta property=\"article:modified_time\" content=\"2025-03-22T10:07:59+00:00\" \/>\n<meta name=\"twitter:card\" content=\"summary_large_image\" \/>\n<meta name=\"twitter:label1\" content=\"Est. tempo de leitura\" \/>\n\t<meta name=\"twitter:data1\" content=\"1 minuto\" \/>\n<script type=\"application\/ld+json\" class=\"yoast-schema-graph\">{\"@context\":\"https:\/\/schema.org\",\"@graph\":[{\"@type\":\"WebPage\",\"@id\":\"https:\/\/carmelhoteis.com.br\/carmeltaiba\/quem-somos\/\",\"url\":\"https:\/\/carmelhoteis.com.br\/carmeltaiba\/quem-somos\/\",\"name\":\"Nossa Hist\u00f3ria - Carmel Ta\u00edba\",\"isPartOf\":{\"@id\":\"https:\/\/carmelhoteis.com.br\/carmeltaiba\/#website\"},\"datePublished\":\"2019-12-05T16:47:16+00:00\",\"dateModified\":\"2025-03-22T10:07:59+00:00\",\"breadcrumb\":{\"@id\":\"https:\/\/carmelhoteis.com.br\/carmeltaiba\/quem-somos\/#breadcrumb\"},\"inLanguage\":\"pt-BR\",\"potentialAction\":[{\"@type\":\"ReadAction\",\"target\":[\"https:\/\/carmelhoteis.com.br\/carmeltaiba\/quem-somos\/\"]}]},{\"@type\":\"BreadcrumbList\",\"@id\":\"https:\/\/carmelhoteis.com.br\/carmeltaiba\/quem-somos\/#breadcrumb\",\"itemListElement\":[{\"@type\":\"ListItem\",\"position\":1,\"name\":\"In\u00edcio\",\"item\":\"https:\/\/carmelhoteis.com.br\/carmeltaiba\/\"},{\"@type\":\"ListItem\",\"position\":2,\"name\":\"Nossa Hist\u00f3ria\"}]},{\"@type\":\"WebSite\",\"@id\":\"https:\/\/carmelhoteis.com.br\/carmeltaiba\/#website\",\"url\":\"https:\/\/carmelhoteis.com.br\/carmeltaiba\/\",\"name\":\"Carmel Ta\u00edba\",\"description\":\"Site Carmel sites\",\"potentialAction\":[{\"@type\":\"SearchAction\",\"target\":{\"@type\":\"EntryPoint\",\"urlTemplate\":\"https:\/\/carmelhoteis.com.br\/carmeltaiba\/?s={search_term_string}\"},\"query-input\":{\"@type\":\"PropertyValueSpecification\",\"valueRequired\":true,\"valueName\":\"search_term_string\"}}],\"inLanguage\":\"pt-BR\"}]}<\/script>\n<!-- \/ Yoast SEO plugin. -->","yoast_head_json":{"title":"Nossa Hist\u00f3ria - Carmel Ta\u00edba","robots":{"index":"index","follow":"follow","max-snippet":"max-snippet:-1","max-image-preview":"max-image-preview:large","max-video-preview":"max-video-preview:-1"},"canonical":"https:\/\/carmelhoteis.com.br\/carmeltaiba\/quem-somos\/","og_locale":"pt_BR","og_type":"article","og_title":"Nossa Hist\u00f3ria - Carmel Ta\u00edba","og_description":"A constru\u00e7\u00e3o de um resort de luxo no Cear\u00e1 sempre foi um sonho da Fam\u00edlia Carneiro de Melo, at\u00e9 que em 2011 ele virou realidade na antiga casa de praia da fam\u00edlia. Priorizando luxo e cearensidade, mas sem perder a ess\u00eancia, conservando as boas lembran\u00e7as de momentos vividos ali pela fam\u00edlia. A escolha do nome [&hellip;]","og_url":"https:\/\/carmelhoteis.com.br\/carmeltaiba\/quem-somos\/","og_site_name":"Carmel Ta\u00edba","article_modified_time":"2025-03-22T10:07:59+00:00","twitter_card":"summary_large_image","twitter_misc":{"Est. tempo de leitura":"1 minuto"},"schema":{"@context":"https:\/\/schema.org","@graph":[{"@type":"WebPage","@id":"https:\/\/carmelhoteis.com.br\/carmeltaiba\/quem-somos\/","url":"https:\/\/carmelhoteis.com.br\/carmeltaiba\/quem-somos\/","name":"Nossa Hist\u00f3ria - Carmel Ta\u00edba","isPartOf":{"@id":"https:\/\/carmelhoteis.com.br\/carmeltaiba\/#website"},"datePublished":"2019-12-05T16:47:16+00:00","dateModified":"2025-03-22T10:07:59+00:00","breadcrumb":{"@id":"https:\/\/carmelhoteis.com.br\/carmeltaiba\/quem-somos\/#breadcrumb"},"inLanguage":"pt-BR","potentialAction":[{"@type":"ReadAction","target":["https:\/\/carmelhoteis.com.br\/carmeltaiba\/quem-somos\/"]}]},{"@type":"BreadcrumbList","@id":"https:\/\/carmelhoteis.com.br\/carmeltaiba\/quem-somos\/#breadcrumb","itemListElement":[{"@type":"ListItem","position":1,"name":"In\u00edcio","item":"https:\/\/carmelhoteis.com.br\/carmeltaiba\/"},{"@type":"ListItem","position":2,"name":"Nossa Hist\u00f3ria"}]},{"@type":"WebSite","@id":"https:\/\/carmelhoteis.com.br\/carmeltaiba\/#website","url":"https:\/\/carmelhoteis.com.br\/carmeltaiba\/","name":"Carmel Ta\u00edba","description":"Site Carmel sites","potentialAction":[{"@type":"SearchAction","target":{"@type":"EntryPoint","urlTemplate":"https:\/\/carmelhoteis.com.br\/carmeltaiba\/?s={search_term_string}"},"query-input":{"@type":"PropertyValueSpecification","valueRequired":true,"valueName":"search_term_string"}}],"inLanguage":"pt-BR"}]}},"_links":{"self":[{"href":"https:\/\/carmelhoteis.com.br\/carmeltaiba\/wp-json\/wp\/v2\/pages\/10","targetHints":{"allow":["GET"]}}],"collection":[{"href":"https:\/\/carmelhoteis.com.br\/carmeltaiba\/wp-json\/wp\/v2\/pages"}],"about":[{"href":"https:\/\/carmelhoteis.com.br\/carmeltaiba\/wp-json\/wp\/v2\/types\/page"}],"author":[{"embeddable":true,"href":"https:\/\/carmelhoteis.com.br\/carmeltaiba\/wp-json\/wp\/v2\/users\/1"}],"replies":[{"embeddable":true,"href":"https:\/\/carmelhoteis.com.br\/carmeltaiba\/wp-json\/wp\/v2\/comments?post=10"}],"version-history":[{"count":30,"href":"https:\/\/carmelhoteis.com.br\/carmeltaiba\/wp-json\/wp\/v2\/pages\/10\/revisions"}],"predecessor-version":[{"id":2416,"href":"https:\/\/carmelhoteis.com.br\/carmeltaiba\/wp-json\/wp\/v2\/pages\/10\/revisions\/2416"}],"wp:attachment":[{"href":"https:\/\/carmelhoteis.com.br\/carmeltaiba\/wp-json\/wp\/v2\/media?parent=10"}],"curies":[{"name":"wp","href":"https:\/\/api.w.org\/{rel}","templated":true}]}}